4*f = 6*f - 260. Suppose -o = -6*o + f. Calculate the greatest common divisor of 286 and o.
26
Suppose -3*u + 3*l - 21 = -0*u, -14 = -2*u - 5*l. Let r be -1 - (-1 - u) - -7. What is the highest common divisor of r and 20?
4
Suppose -5*v = -651 + 3066. Let i be v/(-42) + 1/(-2). What is the highest common divisor of i and 11?
11
Let t = -4 - -8. Suppose 255 = 5*n - 2*p, -t*n + n + 2*p + 153 = 0. Suppose 4*j - j = n. Calculate the highest common divisor of j and 119.
17
Let t(r) = -17*r**2 + 12*r**2 + 14*r**2 - 1. Let j be t(2). Calculate the highest common divisor of 105 and j.
35
Suppose -2*o + k = -8, 0*k + 2*k + 1 = -o. Let a(z) = -z**2 + 2*z**2 - 5*z**o + 23*z**3. Let m be a(1). What is the greatest common factor of m and 19?
19
Suppose -z = -0*z + 5. Let l be (-11)/55 + (-301)/z. Calculate the greatest common factor of l and 150.
30
Let k = 63 - 38. Suppose 4*i = 119 + k. Suppose 0 = 9*r + 6 - 87. Calculate the greatest common divisor of i and r.
9
Suppose 89*l - 107*l + 7668 = 0. Calculate the highest common factor of l and 6.
6
Let u(s) = 2*s**3 + 29*s**2 - 7*s + 41. Let n be u(-13). What is the highest common divisor of n and 9?
9
Let b be -2 - (-6 - (0 + 0)). Let v(x) = 6*x - 10. Let h be v(b). Suppose 8 = 2*f - h. What is the greatest common divisor of f and 22?
11
Let g be ((-54)/(-4))/(3/6). Let a be (-364)/(-18) - 6/g. Calculate the highest common divisor of a and 10.
10
Suppose -18*l = -1690 + 286. What is the highest common factor of 132 and l?
6
Suppose 0*l - 2*l = -20. Suppose -3*k + 26 = -l. Suppose -15*t = -14*t - 3, 0 = -5*w + 3*t + 531. What is the highest common divisor of w and k?
12
Let u = 736 - 709. Calculate the greatest common divisor of u and 108.
27
Let p = 19 - 17. Suppose p*y = 3 + 33. What is the highest common divisor of 45 and y?
9
Suppose -4*t + 5*c = -179, t = -2*t + 4*c + 134. Let n be 185/4 - 3/12. Calculate the highest common factor of t and n.
46
Suppose -37*r + 22*r + 1395 = 0. What is the greatest common divisor of r and 1519?
31
Suppose 36 = -3*g + 4*u, 2*g + 3*g + 4*u = -28. Let x(l) = -l**3 - 7*l**2 + 5*l + 11. Let a be x(g). Calculate the highest common divisor of 14 and a.
7
Suppose 10 = -2*c, -5*h - 5*c + 6*c = -1805. Calculate the greatest common divisor of h and 15.
15
Suppose -4*t = -5*d - 1 + 4, 5*d - 12 = t. Suppose d = j - 3. Suppose 54 = 2*i - 3*b, -2*b + 38 = 4*i - 86. What is the highest common factor of j and i?
6
Let p(q) = 6*q**3 + q - 2. Let z be p(1). Let y be (-716)/(-18) - z/((-180)/8). What is the highest common factor of y and 8?
8
Let m be -66*1*(2 - 3). Suppose -5*c = -6*c + 3. Suppose 0 = 2*h + c - 15. What is the highest common factor of m and h?
6
Let i(y) = 5*y**2 - 6*y + 7. Let l be i(3). Suppose 0 = 62*h - 49*h - 3094. What is the greatest common divisor of h and l?
34
Suppose 4*u + 5*v = 5, 3*u + v = -0*u + 12. Let l be 5/(u/(-12))*-2. Let z = -389 - -425. What is the highest common divisor of z and l?
12
Let d be 67/3 - 1/3. Suppose -4108 - 3624 = -143*b - 1440. What is the highest common factor of b and d?
22
Let t = 530 - 528. What is the greatest common factor of 22 and t?
2
Suppose -4*w = -14 - 22. Let r be (w + 1)/(4/10). Let s be 273 - 3/(-6)*4. What is the highest common factor of s and r?
25
Let f = 1226 + -1202. Let k = 8 + 4. Calculate the greatest common factor of k and f.
12
Let l be ((187 + -7)*9/(-6))/(-2). What is the highest common factor of 180 and l?
45
Let n = 2092 - 792. What is the highest common divisor of 26 and n?
26
Suppose -14807 = 80*k - 147*k. Let a be (-1 + 0)/(2/(-26)). What is the highest common factor of k and a?
13
Let z(k) = k**2 - 3*k - 1. Suppose t - 18 = 10*t. Let x be z(t). What is the greatest common divisor of x and 9?
9
Let k be 2 + -4 - (-7 - 16). Calculate the highest common factor of k and 3.
3
Suppose -2*y - 4*n = -2*n - 18, -1 = 3*y - 4*n. Suppose 0 = -2*m - 4*p + 12, -2*m + 0*p + 10 = y*p. Calculate the greatest common factor of 10 and m.
10
Let p = 16 + -6. Let f(d) = 3*d**2 - 2*d - 3. Let n be (4 + -1)*1*-1. Let x be f(n). Calculate the highest common factor of p and x.
10
Let z(x) be the first derivative of 2 - 1/3*x**3 + 7/2*x**2 - x. Let t be z(5). What is the highest common divisor of t and 1?
1
Let n(f) = -f**2 + f - 4. Let g be n(3). Let p be (-16)/4 - g - 0. What is the highest common divisor of p and 66?
6
Let g(k) = -7*k - 107. Let u be g(-31). Suppose 6 + 14 = 2*d. Calculate the greatest common divisor of u and d.
10
Let x(g) = 6*g**2 + 6. Let d be x(-5). Suppose 0 = 5*q - 72 + 12. What is the highest common factor of q and d?
12
Let k = -133 - -265. Let f = 142 - k. Calculate the greatest common factor of f and 30.
10
Let s = 27 + 77. Suppose -j - 1 = -5*w + 6, 0 = 2*w + 5*j - 19. Let a be 1/(w/28) + -1. What is the greatest common divisor of s and a?
13
Let k(f) = -55*f**3 + f**2. Let j be k(-1). Let w be (-12 - -15)/((-3)/(-14)). Calculate the highest common divisor of j and w.
14
Let y = -229 - -231. Let k(d) = 13*d + 1. Let j be k(1). What is the highest common factor of j and y?
2
Let u(g) = -3 + 4*g**2 - g**3 + 2*g**2 + 6*g - 2*g**2. Let b be u(5). Let j be b + (-1)/((-4)/160). Calculate the greatest common divisor of 28 and j.
14
Let k(a) = -2*a**3 + 2*a**2 - 3*a - 4. Suppose 0 = 18*c + 33 + 3. Let y be k(c). Let d be 0 + 66 - (-2)/(-2). What is the greatest common divisor of y and d?
13
Let t = 407 - 394. Suppose -4*f - 46 = -202. Calculate the greatest common divisor of t and f.
13
Suppose -2*a + 117 = 3*i, -17*i = -2*a - 16*i + 121. What is the highest common divisor of 80 and a?
20
Let j be (-1)/3 - (0 - (-2)/(-6)). Suppose -w + 3 + 7 = j. Calculate the highest common divisor of w and 110.
10
Let s be (-22)/3*(-9)/2. Suppose -s = -2*j - 9. Calculate the greatest common divisor of j and 24.
12
Suppose 12 = 2*q + 2*q. Suppose -q = -2*d + 1. Suppose -d*w = -w - 15. Calculate the highest common divisor of w and 10.
5
Let k(w) = -w + 87. Let d be 0*(-3 - 40/(-12)). Let u be k(d). Suppose n = 4*n - u. Calculate the highest common factor of n and 232.
29
Suppose 2*m + 8 = 0, 4*q + 2*m + 5 = 17. Suppose g - 2*s - 19 = 0, -q*g + g + 16 = 4*s. Suppose 16 = -7*r + g*r. What is the highest common factor of r and 40?
8
Let w be (-1)/(-5) - (-2247)/15. Suppose -40 = o + 2*x, o = 5*o + 4*x + 168. Let u = o - -104. Calculate the highest common factor of u and w.
30
Let h = -2848 + 2966. What is the greatest common divisor of 708 and h?
118
Suppose p - 15 = -3*u, u + 2*u + 5*p - 3 = 0. Suppose -5*o + 20 = 0, u*o - 68 = -4*m + 3*o. What is the greatest common factor of 28 and m?
14
Let z(u) = -2*u**3 - 8*u**2 + 21*u + 2. Let s be z(-6). Calculate the highest common divisor of 20 and s.
20
Suppose 5*v - 33 - 12 = 0. Let d = -163 + 109. Let h = 9 - d. What is the greatest common divisor of h and v?
9
Suppose 5*q - 452 = -2*a, 3*q + a = 4*a + 267. What is the greatest common divisor of q and 20?
10
Suppose 99 = 4*j - 105. Let v be 2976/136 - (-6)/j. What is the highest common divisor of 198 and v?
22
Suppose 0 = -118*q + 113*q + 420. Let o(d) = d**3 - 3*d**2 + 4*d - 6. Let g be o(3). What is the greatest common factor of g and q?
6
Let v(g) = -g**2 - g + 12. Let j be v(0). Let m = 1035 + -999. Calculate the greatest common divisor of m and j.
12
Let w(s) = 2*s**2 - 24*s + 18. Let y be w(12). Let a = y - -37. Calculate the greatest common factor of a and 22.
11
Let s be -327*4/3 + -4. Let a be ((-2)/(-4))/(-5 + (-2202)/s). What is the greatest common divisor of 10 and a?
10
Let i(p) = -19*p - 1. Let s = 25 - 26. Let r be i(s). Let c(w) = w + 36. Let y be c(0). Calculate the greatest common factor of y and r.
18
Suppose c + 2*t = 5*t + 21, -5*c - 2*t + 156 = 0. Let p = -17 + c. What is the highest common divisor of p and 65?
13
Let l(m) = -8*m - 1. Let t be l(-1). Let i = -5 + t. Let c be (42/i)/1 + -1. Calculate the greatest common divisor of c and 10.
10
Let s(d) = -d**3 - 63*d**2 + 127*d - 165. Let v be s(-65). Suppose h + 4*h = 15. Calculate the highest common factor of h and v.
3
Let s = 3 - -1. Let y be (-3 + s)/((-2)/(-78)). Let u = -29 + y. Calculate the highest common factor of u and 25.
5
Let d be 1738/12 - 57/(-342). Suppose 56 + 62 = 4*w - l, 25 = w + 2*l. What is the greatest common factor of w and d?
29